ghest common factor of 531 and 171?
9
Calculate the greatest common factor of 108 and 156.
12
What is the greatest common divisor of 9 and 459?
9
Calculate the highest common divisor of 84 and 70140.
84
Calculate the greatest common divisor of 9 and 1470.
3
What is the highest common factor of 2780 and 10?
10
Calculate the highest common divisor of 35 and 301.
7
What is the greatest common divisor of 315 and 35?
35
What is the highest common divisor of 480 and 96?
96
What is the highest common factor of 16898 and 28?
14
Calculate the highest common divisor of 2716 and 84.
28
Calculate the greatest common factor of 100 and 160.
20
What is the highest common divisor of 746 and 1?
1
What is the greatest common factor of 138 and 46?
46
What is the greatest common divisor of 142 and 1207?
71
Calculate the greatest common divisor of 6 and 2264.
2
What is the greatest common divisor of 754 and 26?
26
Calculate the highest common factor of 283 and 1.
1
Calculate the highest common divisor of 492 and 12.
12
What is the greatest common divisor of 86 and 731?
43
Calculate the greatest common divisor of 5019 and 6.
3
What is the greatest common factor of 1419 and 3999?
129
What is the greatest common divisor of 3611 and 23?
23
What is the greatest common divisor of 24 and 68?
4
What is the greatest common divisor of 310 and 10?
10
Calculate the greatest common divisor of 10 and 10015.
5
Calculate the greatest common divisor of 136 and 748.
68
What is the highest common divisor of 88 and 5852?
44
What is the greatest common factor of 96 and 976?
16
What is the greatest common factor of 20 and 4050?
10
What is the greatest common divisor of 1558 and 246?
82
What is the greatest common divisor of 21 and 12?
3
Calculate the greatest common factor of 162 and 189.
27
Calculate the highest common divisor of 186 and 6386.
62
Calculate the greatest common factor of 3416 and 40.
8
Calculate the highest common divisor of 9 and 330.
3
What is the greatest common divisor of 12 and 6213?
3
Calculate the highest common factor of 456 and 12.
12
Calculate the highest common divisor of 748 and 204.
68
What is the highest common factor of 12 and 4?
4
What is the highest common factor of 663 and 26?
13
Calculate the greatest common factor of 39 and 75.
3
What is the greatest common divisor of 5499 and 234?
117
Calculate the greatest common factor of 9553 and 82.
41
What is the greatest common factor of 329 and 47?
47
What is the greatest common factor of 7259 and 119?
119
What is the greatest common factor of 12 and 144?
12
Calculate the greatest common factor of 42 and 189.
21
What is the greatest common divisor of 1305 and 87?
87
What is the highest common factor of 216 and 15282?
54
What is the highest common factor of 31 and 217?
31
Calculate the greatest common divisor of 24 and 57.
3
What is the highest common divisor of 44 and 649?
11
What is the highest common factor of 34 and 578?
34
What is the greatest common factor of 12 and 804?
12
Calculate the highest common divisor of 16 and 39.
1
What is the highest common factor of 34 and 289?
17
What is the highest common factor of 5 and 640?
5
Calculate the highest common divisor of 24 and 12504.
24
What is the highest common divisor of 799 and 141?
47
Calculate the greatest common factor of 490 and 28.
14
Calculate the highest common divisor of 5263 and 285.
19
Calculate the highest common divisor of 8 and 88.
8
What is the highest common factor of 14982 and 66?
66
Calculate the highest common divisor of 4 and 10.
2
Calculate the greatest common divisor of 715 and 390.
65
What is the highest common factor of 250 and 39250?
250
Calculate the highest common factor of 27 and 117.
9
Calculate the greatest common divisor of 162 and 72.
18
What is the highest common divisor of 30 and 24?
6
Calculate the greatest common factor of 2175 and 6960.
435
Calculate the greatest common factor of 1073 and 29.
29
Calculate the highest common factor of 20400 and 150.
150
Calculate the highest common divisor of 896 and 154.
14
What is the highest common factor of 16 and 464?
16
Calculate the greatest common divisor of 1054 and 682.
62
Calculate the greatest common divisor of 1053 and 162.
81
Calculate the greatest common factor of 32 and 1936.
16
What is the greatest common factor of 96 and 12?
12
What is the highest common factor of 2057 and 121?
121
What is the highest common divisor of 390 and 1066?
26
Calculate the highest common factor of 2334 and 18.
6
Calculate the highest common divisor of 2535 and 130.
65
What is the greatest common divisor of 1908 and 1476?
36
Calculate the greatest common divisor of 592 and 32.
16
Calculate the highest common divisor of 117 and 26.
13
Calculate the highest common divisor of 720 and 480.
240
What is the highest common divisor of 396 and 2112?
132
Calculate the greatest common factor of 24035 and 418.
209
Calculate the highest common divisor of 245 and 35.
35
What is the greatest common factor of 44 and 198?
22
What is the highest common divisor of 93 and 620?
31
What is the highest common factor of 1176 and 48?
24
What is the greatest common factor of 22 and 2?
2
Calculate the highest common divisor of 3894 and 363.
33
Calculate the highest common factor of 4382 and 14.
14
What is the highest common divisor of 14 and 1883?
7
Calculate the greatest common divisor of 1225 and 343.
49
What is the highest common divisor of 6870 and 60?
30
What is the highest common divisor of 520 and 40?
40
Calculate the greatest common divisor of 117 and 6084.
117
Calculate the greatest common factor of 1575 and 819.
63
What is the greatest common factor of 99 and 891?
99
Calculate the greatest common divisor of 114 and 1425.
57
Calculate the greatest common factor of 972 and 12.
12
What is the greatest common factor of 763 and 109?
109
What is the greatest common factor of 141 and 67962?
141
Calculate the greatest common divisor of 611 and 416.
13
What is the greatest common divisor of 1507 and 55?
11
What is the highest common factor of 345 and 575?
115
Calculate the highest common factor of 380 and 5.
5
Calculate the greatest common divisor of 822 and 39.
3
What is the greatest common factor of 125 and 50?
25
What is the greatest common divisor of 1040 and 30?
10
Calculate the greatest common factor of 189 and 1197.
63
Calculate the greatest common divisor of 369 and 18.
9
What is the highest common divisor of 217 and 14?
7
What is the highest common divisor of 8359 and 26?
13
What is the greatest common divisor of 57 and 1710?
57
What is the highest common factor of 24405 and 30?
15
Calculate the greatest common divisor of 6919 and 34.
17
What is the greatest common factor of 66 and 498?
6
What is the highest common factor of 5 and 35?
5
What is the highest common divisor of 33 and 15?
3
Calculate the highest common divisor of 345 and 60.
15
Calculate the greatest common factor of 5457 and 51.
51
Calculate the greatest common divisor of 10 and 3990.
10
Calculate the greatest common factor of 99 and 3421.
11
What is the highest common factor of 4 and 20?
4
Calculate the highest common factor of 8240 and 40.
40
Calculate the greatest common divisor of 51105 and 15.
15
What is the greatest common factor of 37 and 1?
1
What is the greatest common divisor of 13 and 169?
13
Calculate the highest common factor of 435 and 60.
15
Calculate the greatest common factor of 507 and 78.
39
What is the highest common divisor of 4913 and 17?
17
Calculate the highest common factor of 14792 and 86.
86
Calculate the highest common divisor of 3765 and 15.
15
Calculate the greatest common divisor of 5248 and 82.
82
What is the highest common factor of 100 and 3725?
25
Calculate the highest common divisor of 66 and 96.
6
Calculate the highest common divisor of 14 and 12.
2
What is the greatest common divisor of 312 and 260?
52
Calculate the greatest common factor of 6524 and 28.
28
Calculate the highest common divisor of 178 and 20381.
89
What is the highest common factor of 22 and 88?
22
Calculate the greatest common divisor of 4642 and 88.
22
Calculate the highest common divisor of 589 and 57.
19
Calculate the highest common factor of 493 and 323.
17
Calculate the highest common factor of 117 and 36.
9
What is the greatest comm